{"id":947,"date":"2023-05-21T11:10:00","date_gmt":"2023-05-21T09:10:00","guid":{"rendered":"https:\/\/diecimetriquadrati.com\/?page_id=947"},"modified":"2023-05-21T11:10:07","modified_gmt":"2023-05-21T09:10:07","slug":"counseling","status":"publish","type":"page","link":"https:\/\/diecimetriquadrati.com\/?page_id=947","title":{"rendered":"Counseling"},"content":{"rendered":"\n    <section class=\"u-clearfix u-image u-image-contain u-section-1\" id=\"carousel_a8d7\" data-image-width=\"1000\" data-image-height=\"667\" style=\"background-image: url(&quot;http:\/\/diecimetriquadrati.com\/wp-content\/uploads\/2023\/05\/cousneling-1.png&quot;);\">\n      <div class=\"u-clearfix u-sheet u-sheet-1\">\n        <h1 class=\"u-custom-font u-font-montserrat u-text u-text-body-alt-color u-text-default u-text-1\" data-animation-name=\"\" data-animation-duration=\"0\" data-animation-direction=\"\">Counseling<\/h1>\n      <\/div>\n    <\/section>\n    <section class=\"u-align-center-lg u-align-center-md u-align-center-sm u-align-center-xl u-align-left-xs u-clearfix u-section-2\" id=\"carousel_a3ba\">\n      <div class=\"u-clearfix u-sheet u-sheet-1\">\n        <h1 class=\"u-align-left u-custom-font u-font-montserrat u-text u-text-1\">Counseling<\/h1>\n        <p class=\"u-align-left u-custom-font u-font-montserrat u-text u-text-2\"> Il Counseling \u00e8 un\u2019attivit\u00e0 professionale finalizzata al miglioramento della qualit\u00e0 di vita del cliente.<br>Attraverso una relazione di aiuto, nel pieno rispetto della persona e in uno spazio di ascolto privo di giudizio, si consente al cliente di riconoscere i suoi punti di forza, le sue capacit\u00e0 di autodeterminazione e di decisione.<br>Il Counseling non offre consigli n\u00e9 soluzioni, bens\u00ec stimola le risorse del cliente ad individuare la via corretta ed autentica per affrontare ed individuare, chiarire, il proprio problema e raggiungere un maggiore benessere.<br>Il Counseling \u00e8 relazione umana, spazio di ascolto, luogo libero e protetto, nel quale la persona si sente accolta e libera di esprimersi in tutto il suo sentire.<br>\u00c8 una forma di aiuto alla persona in cui il professionista accompagna il proprio cliente nella risoluzione di un disagio e\/o di un momento di difficolt\u00e0 di vita.\n        <\/p>\n        <h1 class=\"u-align-left u-custom-font u-font-montserrat u-text u-text-3\"> Deutschsprachige Counselling-Beratungen<\/h1>\n        <p class=\"u-align-left u-custom-font u-font-montserrat u-text u-text-4\">\n          <span style=\"font-weight: 700;\"> Einzelpersonen und Paare <br>\n          <\/span>Es gibt heikle Momente im Leben, in denen ein Austausch mit einer Fachperson hilfreich sein kann. Ebenso n\u00fctzlich ist es, sich in seiner Muttersprache frei ausdr\u00fccken zu k\u00f6nnen. <br>Denn sie ist die Sprache unserer Zuneigung, unserer Gedanken und erlaubt uns die tausend Nuancen unserer Gef\u00fchle zu erz\u00e4hlen. <br>Mariella Bebber ist bereit auch Deutschsprachige in ihrem Studio zu empfangen. <br>\n          <br>F\u00fcr Informationen und Termine <br>info@diecimetriquadrati.com&nbsp;<br>Mariella Bebber   076 595 68 07 \/ +39 393 9024 785&nbsp;\n        <\/p>\n      <\/div>\n    <\/section>\n    \n    \n    \n  \n","protected":false},"excerpt":{"rendered":"<p>Counseling Counseling Il Counseling \u00e8 un\u2019attivit\u00e0 professionale finalizzata al miglioramento della qualit\u00e0 di vita del cliente.Attraverso una relazione di aiuto, nel pieno rispetto della persona e in uno spazio di ascolto privo di giudizio, si consente al cliente di riconoscere i suoi punti di forza, le sue capacit\u00e0 di autodeterminazione e di decisione.Il Counseling non &hellip; <a href=\"https:\/\/diecimetriquadrati.com\/?page_id=947\" class=\"more-link\">Continue reading<span class=\"screen-reader-text\"> &#8220;Counseling&#8221;<\/span><\/a><\/p>\n","protected":false},"author":1,"featured_media":0,"parent":0,"menu_order":3,"comment_status":"closed","ping_status":"closed","template":"","meta":[],"_links":{"self":[{"href":"https:\/\/diecimetriquadrati.com\/index.php?rest_route=\/wp\/v2\/pages\/947"}],"collection":[{"href":"https:\/\/diecimetriquadrati.com\/index.php?rest_route=\/wp\/v2\/pages"}],"about":[{"href":"https:\/\/diecimetriquadrati.com\/index.php?rest_route=\/wp\/v2\/types\/page"}],"author":[{"embeddable":true,"href":"https:\/\/diecimetriquadrati.com\/index.php?rest_route=\/wp\/v2\/users\/1"}],"replies":[{"embeddable":true,"href":"https:\/\/diecimetriquadrati.com\/index.php?rest_route=%2Fwp%2Fv2%2Fcomments&post=947"}],"version-history":[{"count":1,"href":"https:\/\/diecimetriquadrati.com\/index.php?rest_route=\/wp\/v2\/pages\/947\/revisions"}],"predecessor-version":[{"id":956,"href":"https:\/\/diecimetriquadrati.com\/index.php?rest_route=\/wp\/v2\/pages\/947\/revisions\/956"}],"wp:attachment":[{"href":"https:\/\/diecimetriquadrati.com\/index.php?rest_route=%2Fwp%2Fv2%2Fmedia&parent=947"}],"curies":[{"name":"wp","href":"https:\/\/api.w.org\/{rel}","templated":true}]}}